- c, 5*s - 68 = -4*y. What are the prime factors of s?
2
Let w be (-30 - -6)/((-3)/8). Suppose 3 + 11 = q - b, w = 5*q - 2*b. List the prime factors of q.
2, 3
Suppose -4*t + 2 + 1 = -5*o, 4*t - 4*o - 4 = 0. Suppose 0*w = 4*q - w + 338, q = -t*w - 80. List the prime factors of q/30*15*-1.
2, 3, 7
Let f be (-3 - 1)/((-4)/(-22)). Let c = 18 - -2. List the prime factors of f/(-8) + 5/c.
3
Let o = 417 - 549. Let t be 2/7 + (-2678)/14. Let p = o - t. What are the prime factors of p?
59
Suppose -2*v = -7*v. Suppose 38 = 2*a + 2. List the prime factors of a - (3 + v + 0).
3, 5
Let v = -793 - -1239. What are the prime factors of v?
2, 223
List the prime factors of (0 + 0 + -2)*(-4697)/22.
7, 61
Let z be 45/(-27) - (-4)/6. Suppose -106 - 25 = -2*a - q, 0 = 2*a + 3*q - 121. List the prime factors of 9 + a + 3*z.
2, 37
Suppose -5622 + 442 = -7*u. List the prime factors of u.
2, 5, 37
Suppose -8 = -4*t - 2*p, -t + p + p = 8. Suppose -5*v = -t*v - 15. Suppose -5*b = -5, 0 = 5*c + v*b - 315 + 82. What are the prime factors of c?
2, 23
Let v(q) = 6*q. Let m be v(-3). Let j be 6/27 + (-176)/m. Suppose 4*o - 6 = -k + o, -k + j = 2*o. What are the prime factors of k?
2, 3
Suppose -2*h + y - 412 + 3860 = 0, 0 = 2*y. What are the prime factors of h?
2, 431
Suppose -3*l = -14*l - 407. What are the prime factors of 2*(-3)/(3/l)?
2, 37
Let a = -87 - -330. Let q = 92 - a. Let z = -108 - q. What are the prime factors of z?
43
Let s = 366 - -709. What are the prime factors of s?
5, 43
Let o(t) = -4*t**2 + 1 + 18*t - 18*t. Let h be o(1). What are the prime factors of (h - -25) + 0/(-2)?
2, 11
Suppose -17*j + 8*j = -8406. What are the prime factors of j?
2, 467
Let s be 3/(-2) + (-92)/(-8). Suppose s = r + 8. Suppose 0*n - 100 = -r*n. What are the prime factors of n?
2, 5
Suppose 4*i - 3 - 5 = 2*x, 0 = -2*i + 8. Let m(v) = v**2 - 4*v - 2. Let f be m(x). What are the prime factors of (30/(-18))/(f/18)?
3, 5
Let p(s) be the third derivative of s**5/30 + s**4/24 - 11*s**3/6 + s**2. What are the prime factors of p(6)?
67
Let w = -2639 + 4013. List the prime factors of w.
2, 3, 229
Let g(c) = 2834*c - 276. List the prime factors of g(2).
2, 337
Suppose -a - 5*w = -48, 0 = 5*a - 5*w - 118 - 152. Let y = -37 + a. What are the prime factors of (8/y)/(2/20)?
5
Let i(k) = k - 19. Let x be i(13). Let q(u) = 4 - 4 + 5 + 3*u - 6*u. List the prime factors of q(x).
23
Let t = 1 + -1. Let i = t - -4. List the prime factors of (-21 - -1)/(-5 + i).
2, 5
Let a(b) = 11*b + 21. Let v be 913/99 + 4/(-18). What are the prime factors of a(v)?
2, 3, 5
Suppose 114 = -5*w + 3*z, -3*w + 15*z - 11*z - 75 = 0. Let c(m) = m**2 + 8*m - 7. Let b be c(7). Let y = w + b. List the prime factors of y.
7, 11
Let x = -9 - -12. Suppose -3*b = 3*o - 102, 0*b + 12 = -x*b. What are the prime factors of o?
2, 19
Suppose 0 = 16*c + 3*c - 950. List the prime factors of c.
2, 5
Suppose -3*x + 150 = -3*i, -x + 3*i + 2 + 56 = 0. Let a = x + -2. List the prime factors of a.
2, 11
Suppose 3*f - 1266 - 486 = 0. List the prime factors of f.
2, 73
Suppose -2*v + 20 = 3*v + m, -5*v = -5*m - 50. Suppose 5*f + 30 = 3*j - 8*j, v*f + 3*j = -38. Let a = f - -12. What are the prime factors of a?
2
Let p = 102 - 98. Suppose 4*y = p*t + 764, -6*t = -y - 3*t + 193. What are the prime factors of y?
2, 5, 19
What are the prime factors of -4*86*(-3)/24?
43
Let o be (78/5)/(10/2700). List the prime factors of (-2)/(-6)*o/12.
3, 13
Suppose 2*v - 3*v = 7*v. List the prime factors of 58*(v + 1/2).
29
Let z = 89 - 95. What are the prime factors of (-3288)/(-16) - 3/z?
2, 103
Let l = 270 + 56. List the prime factors of l.
2, 163
Suppose -20 = 3*d + 5*t, 6*d - 4*d - 16 = 4*t. Suppose 3*c + d*c = 9. Suppose -48 = -c*p - 0. What are the prime factors of p?
2
Suppose -627 + 168 = -3*q. List the prime factors of q.
3, 17
Let i be (40/(-35))/(6/(-21)). List the prime factors of 1/i + (-225)/(-12).
19
Let o(h) = 53*h + 288. List the prime factors of o(10).
2, 409
Suppose -27*h + 26*h - 4*y + 1778 = 0, 0 = h - 2*y - 1808. List the prime factors of h.
2, 29, 31
Let f be (-18)/(-30) - 186/10. What are the prime factors of 97*1 - (-8)/((-48)/f)?
2, 5
Let b = 3835 - 2231. What are the prime factors of b?
2, 401
Let h(n) = 13*n**2 + 17*n + 12. What are the prime factors of h(-15)?
2, 3, 149
Let y(h) = 6*h**3 - 8*h**2 + 20*h + 31. List the prime factors of y(7).
11, 167
Suppose 6*d - 304 = 2*d. Suppose -7*v + 2*v = -2*l - 10, 3*v - 17 = -l. Suppose -v*p - h = 2*h - d, -h = -p + 12. What are the prime factors of p?
2
Let i(w) = -w**2 - 18*w - 15. Let z be i(-17). Suppose 2*o + 63 = 6*o + 3*q, 29 = z*o - q. Suppose -2*v + 5*v - o = 0. List the prime factors of v.
5
Suppose 3*f + 53 = 251. Let m = 72 - f. List the prime factors of m.
2, 3
Let b(s) = -s**3 - 10*s**2 - 11*s + 2. Suppose 3*y = 1 - 7. Let f be (9/y)/(6/12). What are the prime factors of b(f)?
2, 5
List the prime factors of -67*(-1 + -1) - (1 + -3).
2, 17
Let f = 1227 - 367. List the prime factors of f.
2, 5, 43
Suppose 4*d - 33*n + 31*n = 10788, -4*d + 10788 = 3*n. List the prime factors of d.
3, 29, 31
Let w(q) = 824*q - 101. List the prime factors of w(2).
7, 13, 17
Suppose 819 + 1057 = -5*r - 4*f, 0 = 5*r - 3*f + 1848. Let l = r + 200. List the prime factors of l/(-6)*(-3)/(-2).
43
Let l(m) be the third derivative of -5*m**4/4 + m**3/2 + 29*m**2. List the prime factors of l(-6).
3, 61
Let k be (148/(-16))/((-3)/(-12)). List the prime factors of (2 + 1 + -5)*k.
2, 37
Let c be 2 + 2 + 2 + -3. Suppose -27 + 0 = -3*h + c*r, h - 12 = -2*r. What are the prime factors of h?
2, 5
Suppose -2*u - 10*i + 14*i + 742 = 0, i = 5. List the prime factors of 2/(-6) + u/9 + 3.
3, 5
Suppose -23292 - 69502 = -83*o. What are the prime factors of o?
2, 13, 43
Suppose 2*j - w - 302 = 0, 4*j - 52*w + 57*w = 604. List the prime factors of j.
151
Let j be (2 + 38)*6/15. Let g = -5 + j. What are the prime factors of g?
11
Let r(n) = -n**3 + 6*n**2 + 9*n - 9. Let m be r(7). Let h = m - 2. Suppose 5*b = 3*b - h*s + 13, 5*b - 80 = 2*s. List the prime factors of b.
2, 7
Let k(x) = x**3 - 9*x**2 + 12*x - 12. Suppose -7*u + 4*v + 1 = -6*u, -5*u = -2*v - 41. What are the prime factors of k(u)?
2, 3
Let i = 98 + -76. Suppose -2*d + 4*d + i = 4*s, 0 = 3*d + 3. List the prime factors of s.
5
Let b be ((-8)/10)/((-3)/(-30)). Let w(m) = 10*m + 4. Let r(p) = -p. Let y(h) = -8*r(h) - w(h). What are the prime factors of y(b)?
2, 3
Suppose 45 = -3*n - 63. Let m = n - -37. What are the prime factors of m - (-5 + -3 + -4)?
13
Let d = 103 + 122. List the prime factors of d.
3, 5
Suppose 0 = v + 4*m + 60, 3*v + 2*m + 34 = -96. Suppose -5*k + o + 12 + 5 = 0, o - 3 = 0. What are the prime factors of (v - -4)*(-2)/k?
2, 3
Suppose 938 + 492 = 10*v. List the prime factors of v.
11, 13
Let a = 157 + -102. Let s be a*(-7)/(35/(-2)). Suppose 2*v + 4*y = 56, -5*y - 16 = -2*v + s. What are the prime factors of v?
2, 3
What are the prime factors of (96/80)/(1/1170)?
2, 3, 13
Suppose -i + 2*u - 209 = -2*i, -5*u = 2*i - 418. What are the prime factors of i?
11, 19
Let q(d) = -43*d + 1. Let s = -20 - -15. Let w be q(s). List the prime factors of w/28 - (-2)/7.
2
Suppose -3*w + 6 = -9. Suppose w*k + 95 = 4*p - 3*p, 55 = p + 5*k. Suppose -75 = -5*q + p. What are the prime factors of q?
2, 3, 5
Let l(j) = 13*j**2 - j + 1. Suppose 13*n + 7 + 32 = 0. List the prime factors of l(n).
11
Let s = -149 + 999. List the prime factors of s.
2, 5, 17
Suppose -408 = -3*q - 0*q. Suppose 0 = -2*r + 22 + q. List the prime factors of r.
79
Let r be 4 - (-4 + (4 - 0)). Suppose r*z - 44 = 3*z. List the prime factors of z.
2, 11
Let l = 1161 + -744. List the prime factors of l.
3, 139
Let y be (-5 + 0)*(0 + 1). Let m be (-2)/(-2) + y/5. Suppose m = -7*h + 12 + 23. What are the prime factors of h?
5
Let m(p) = p**2 - p + 56. Suppose g = -g. List the prime factors of m(g).
2, 7
Suppose -2*r + 6*r - 168 = -5*t, 5*r - 173 = 3*t. Suppose -m + 5*x + 2 = -r, 4*m = 4*x + 92. List the prime factors of m.
19
Suppose 36*g = 34*g - 2*b + 4648, -3*g + 3*b + 6960 = 0. List the prime factors of g.
2, 3, 43
Suppose 0 = 116*k - 128*k + 4164. What are the prime factors of k?
347
Let v(c) = c**2 + 4*c - 1. Let f be v(-5). Let d(u) = -u**3 + 4*u**2 + 4*u - 2. Let a be d(f). Let x = a + -2.